{"id":15,"date":"2019-05-06T12:07:19","date_gmt":"2019-05-06T12:07:19","guid":{"rendered":"https:\/\/lr-partner.info\/harzgerode\/?page_id=15"},"modified":"2020-11-17T10:59:42","modified_gmt":"2020-11-17T09:59:42","slug":"willkommen","status":"publish","type":"page","link":"https:\/\/lr-partner.info\/harzgerode\/index.php\/willkommen\/","title":{"rendered":"Willkommen"},"content":{"rendered":"<div class=\"carbon-anim__text carbon-anim__text--narrow\">\n<h2 class=\"spacing-bottom--big text--medium line-height--big\">Darum LR<\/h2>\n<div class=\"spacing-bottom--big text--medium line-height--big\">Wir in unserem LR Team sind der Meinung: Du hast es verdient, Erfolg zu haben!<\/div>\n<div class=\"spacing-bottom--big text--medium line-height--big\">Ohne Umwege, ohne Kompromisse, mit einem starken Partner und auf Dauer!<\/div>\n<div class=\"spacing-bottom--big text--medium line-height--big\">Als eines der erfolgreichsten Direktvertriebsunternehmen in Europa bieten wir Menschen t\u00e4glich die Chance, ihr Leben ma\u00dfgeblich zu verbessern.<\/div>\n<div><\/div>\n<\/div>\n<div class=\"carbon-anim__text carbon-anim__text--narrow\">\n<h3 class=\"text--medium spacing-bottom--big line-height--big\">Unser Geheimnis bei LR:<\/h3>\n<div class=\"text--medium spacing-bottom--big line-height--big\">Ein seit Jahrzehnten bew\u00e4hrtes LR Network-Marketing-Konzept, ein einmaliges Sortiment qualit\u00e4tsgepr\u00fcfter LR Gesundheits- und Sch\u00f6nheitsprodukte und eine riesige Vorteilswelt.<\/div>\n<div><\/div>\n<div class=\"text--medium spacing-bottom--big line-height--big\">Worauf wartest Du noch?<\/div>\n<div><\/div>\n<\/div>\n<div style=\"width: 1920px;\" class=\"wp-video\"><video class=\"wp-video-shortcode\" id=\"video-15-1\" width=\"1920\" height=\"1080\" preload=\"metadata\" controls=\"controls\"><source type=\"video\/mp4\" src=\"https:\/\/lr-partner.info\/harzgerode\/wp-content\/uploads\/2019\/05\/LR_Karriereplan_DE.mp4?_=1\" \/><a href=\"https:\/\/lr-partner.info\/harzgerode\/wp-content\/uploads\/2019\/05\/LR_Karriereplan_DE.mp4\">https:\/\/lr-partner.info\/harzgerode\/wp-content\/uploads\/2019\/05\/LR_Karriereplan_DE.mp4<\/a><\/video><\/div>\n<h3><\/h3>\n<h3><\/h3>\n<h3 style=\"text-align: center;\"><strong>Hier findest Du weitere Informationen als PDF Datei:<\/strong><\/h3>\n<h3 style=\"text-align: center;\"><a href=\"https:\/\/lr-partner.info\/harzgerode\/wp-content\/uploads\/2019\/05\/GV_Mappe.pdf\">Gesch\u00e4ftsvorstellung<\/a> \u00a0\u00a0 <a href=\"https:\/\/lr-partner.info\/harzgerode\/wp-content\/uploads\/2019\/05\/Karriereplan.pdf\">Karriereplan<\/a> \u00a0\u00a0 <a href=\"https:\/\/lr-partner.info\/harzgerode\/wp-content\/uploads\/2019\/05\/Einleger_LR_Karrieredurchblick.pdf\">Einleger Karrieredurchblick<\/a> \u00a0 <a href=\"https:\/\/lr-partner.info\/antragharzgerode.pdf\" target=\"_blank\" rel=\"noopener noreferrer\">Partnerantrag<\/a><\/h3>\n<h3><\/h3>\n<p>&nbsp;<\/p>\n<h3><a href=\"https:\/\/lr-partner.info\/harzgerode\/index.php\/sofort-starten\/\">Du m\u00f6chtest bei uns einsteigen? Hier geht es weiter!<\/a><\/h3>\n<p>&nbsp;<\/p>\n<p>&nbsp;<\/p>\n","protected":false},"excerpt":{"rendered":"<p>Darum LR Wir in unserem LR Team sind der Meinung: Du hast es verdient, Erfolg zu haben! Ohne Umwege, ohne Kompromisse, mit einem starken Partner und auf Dauer! Als eines der erfolgreichsten Direktvertriebsunternehmen in Europa bieten wir Menschen t\u00e4glich die Chance, ihr Leben ma\u00dfgeblich zu verbessern. Unser Geheimnis bei LR: Ein seit Jahrzehnten bew\u00e4hrtes LR&hellip; <br \/> <a class=\"read-more\" href=\"https:\/\/lr-partner.info\/harzgerode\/index.php\/willkommen\/\">Weiterlesen<\/a><\/p>\n","protected":false},"author":1,"featured_media":0,"parent":0,"menu_order":0,"comment_status":"closed","ping_status":"closed","template":"","meta":{"footnotes":""},"class_list":["post-15","page","type-page","status-publish","hentry"],"yoast_head":"<!-- This site is optimized with the Yoast SEO plugin v27.4 - https:\/\/yoast.com\/product\/yoast-seo-wordpress\/ -->\n<title>Ihr LR Partner in Harzgerode - Mit LR zum Nebeneinkommen<\/title>\n<meta name=\"description\" content=\"Mit LR erf\u00fcllst Du Dir deine Extra W\u00fcnsche. Starte mit uns ins LR Business, wir helfen Dir, kostenlos, damit Du deinen Homeoffice Nebenjob so gut wie m\u00f6glich weiterbringen kannst.\" \/>\n<meta name=\"robots\" content=\"index, follow, max-snippet:-1, max-image-preview:large, max-video-preview:-1\" \/>\n<link rel=\"canonical\" href=\"https:\/\/lr-partner.info\/harzgerode\/index.php\/willkommen\/\" \/>\n<meta property=\"og:locale\" content=\"de_DE\" \/>\n<meta property=\"og:type\" content=\"article\" \/>\n<meta property=\"og:title\" content=\"Ihr LR Partner in Harzgerode - Mit LR zum Nebeneinkommen\" \/>\n<meta property=\"og:description\" content=\"Mit LR erf\u00fcllst Du Dir deine Extra W\u00fcnsche. Starte mit uns ins LR Business, wir helfen Dir, kostenlos, damit Du deinen Homeoffice Nebenjob so gut wie m\u00f6glich weiterbringen kannst.\" \/>\n<meta property=\"og:url\" content=\"https:\/\/lr-partner.info\/harzgerode\/index.php\/willkommen\/\" \/>\n<meta property=\"og:site_name\" content=\"LR Partner werden\" \/>\n<meta property=\"article:modified_time\" content=\"2020-11-17T09:59:42+00:00\" \/>\n<meta name=\"twitter:card\" content=\"summary_large_image\" \/>\n<meta name=\"twitter:label1\" content=\"Gesch\u00e4tzte Lesezeit\" \/>\n\t<meta name=\"twitter:data1\" content=\"1\u00a0Minute\" \/>\n<script type=\"application\/ld+json\" class=\"yoast-schema-graph\">{\"@context\":\"https:\\\/\\\/schema.org\",\"@graph\":[{\"@type\":\"WebPage\",\"@id\":\"https:\\\/\\\/lr-partner.info\\\/harzgerode\\\/index.php\\\/willkommen\\\/\",\"url\":\"https:\\\/\\\/lr-partner.info\\\/harzgerode\\\/index.php\\\/willkommen\\\/\",\"name\":\"Ihr LR Partner in Harzgerode - Mit LR zum Nebeneinkommen\",\"isPartOf\":{\"@id\":\"https:\\\/\\\/lr-partner.info\\\/harzgerode\\\/#website\"},\"datePublished\":\"2019-05-06T12:07:19+00:00\",\"dateModified\":\"2020-11-17T09:59:42+00:00\",\"description\":\"Mit LR erf\u00fcllst Du Dir deine Extra W\u00fcnsche. Starte mit uns ins LR Business, wir helfen Dir, kostenlos, damit Du deinen Homeoffice Nebenjob so gut wie m\u00f6glich weiterbringen kannst.\",\"breadcrumb\":{\"@id\":\"https:\\\/\\\/lr-partner.info\\\/harzgerode\\\/index.php\\\/willkommen\\\/#breadcrumb\"},\"inLanguage\":\"de\",\"potentialAction\":[{\"@type\":\"ReadAction\",\"target\":[\"https:\\\/\\\/lr-partner.info\\\/harzgerode\\\/index.php\\\/willkommen\\\/\"]}]},{\"@type\":\"BreadcrumbList\",\"@id\":\"https:\\\/\\\/lr-partner.info\\\/harzgerode\\\/index.php\\\/willkommen\\\/#breadcrumb\",\"itemListElement\":[{\"@type\":\"ListItem\",\"position\":1,\"name\":\"Startseite\",\"item\":\"https:\\\/\\\/lr-partner.info\\\/harzgerode\\\/\"},{\"@type\":\"ListItem\",\"position\":2,\"name\":\"Willkommen\"}]},{\"@type\":\"WebSite\",\"@id\":\"https:\\\/\\\/lr-partner.info\\\/harzgerode\\\/#website\",\"url\":\"https:\\\/\\\/lr-partner.info\\\/harzgerode\\\/\",\"name\":\"LR Partner werden\",\"description\":\"\",\"potentialAction\":[{\"@type\":\"SearchAction\",\"target\":{\"@type\":\"EntryPoint\",\"urlTemplate\":\"https:\\\/\\\/lr-partner.info\\\/harzgerode\\\/?s={search_term_string}\"},\"query-input\":{\"@type\":\"PropertyValueSpecification\",\"valueRequired\":true,\"valueName\":\"search_term_string\"}}],\"inLanguage\":\"de\"}]}<\/script>\n<!-- \/ Yoast SEO plugin. -->","yoast_head_json":{"title":"Ihr LR Partner in Harzgerode - Mit LR zum Nebeneinkommen","description":"Mit LR erf\u00fcllst Du Dir deine Extra W\u00fcnsche. Starte mit uns ins LR Business, wir helfen Dir, kostenlos, damit Du deinen Homeoffice Nebenjob so gut wie m\u00f6glich weiterbringen kannst.","robots":{"index":"index","follow":"follow","max-snippet":"max-snippet:-1","max-image-preview":"max-image-preview:large","max-video-preview":"max-video-preview:-1"},"canonical":"https:\/\/lr-partner.info\/harzgerode\/index.php\/willkommen\/","og_locale":"de_DE","og_type":"article","og_title":"Ihr LR Partner in Harzgerode - Mit LR zum Nebeneinkommen","og_description":"Mit LR erf\u00fcllst Du Dir deine Extra W\u00fcnsche. Starte mit uns ins LR Business, wir helfen Dir, kostenlos, damit Du deinen Homeoffice Nebenjob so gut wie m\u00f6glich weiterbringen kannst.","og_url":"https:\/\/lr-partner.info\/harzgerode\/index.php\/willkommen\/","og_site_name":"LR Partner werden","article_modified_time":"2020-11-17T09:59:42+00:00","twitter_card":"summary_large_image","twitter_misc":{"Gesch\u00e4tzte Lesezeit":"1\u00a0Minute"},"schema":{"@context":"https:\/\/schema.org","@graph":[{"@type":"WebPage","@id":"https:\/\/lr-partner.info\/harzgerode\/index.php\/willkommen\/","url":"https:\/\/lr-partner.info\/harzgerode\/index.php\/willkommen\/","name":"Ihr LR Partner in Harzgerode - Mit LR zum Nebeneinkommen","isPartOf":{"@id":"https:\/\/lr-partner.info\/harzgerode\/#website"},"datePublished":"2019-05-06T12:07:19+00:00","dateModified":"2020-11-17T09:59:42+00:00","description":"Mit LR erf\u00fcllst Du Dir deine Extra W\u00fcnsche. Starte mit uns ins LR Business, wir helfen Dir, kostenlos, damit Du deinen Homeoffice Nebenjob so gut wie m\u00f6glich weiterbringen kannst.","breadcrumb":{"@id":"https:\/\/lr-partner.info\/harzgerode\/index.php\/willkommen\/#breadcrumb"},"inLanguage":"de","potentialAction":[{"@type":"ReadAction","target":["https:\/\/lr-partner.info\/harzgerode\/index.php\/willkommen\/"]}]},{"@type":"BreadcrumbList","@id":"https:\/\/lr-partner.info\/harzgerode\/index.php\/willkommen\/#breadcrumb","itemListElement":[{"@type":"ListItem","position":1,"name":"Startseite","item":"https:\/\/lr-partner.info\/harzgerode\/"},{"@type":"ListItem","position":2,"name":"Willkommen"}]},{"@type":"WebSite","@id":"https:\/\/lr-partner.info\/harzgerode\/#website","url":"https:\/\/lr-partner.info\/harzgerode\/","name":"LR Partner werden","description":"","potentialAction":[{"@type":"SearchAction","target":{"@type":"EntryPoint","urlTemplate":"https:\/\/lr-partner.info\/harzgerode\/?s={search_term_string}"},"query-input":{"@type":"PropertyValueSpecification","valueRequired":true,"valueName":"search_term_string"}}],"inLanguage":"de"}]}},"jetpack_sharing_enabled":true,"_links":{"self":[{"href":"https:\/\/lr-partner.info\/harzgerode\/index.php\/wp-json\/wp\/v2\/pages\/15","targetHints":{"allow":["GET"]}}],"collection":[{"href":"https:\/\/lr-partner.info\/harzgerode\/index.php\/wp-json\/wp\/v2\/pages"}],"about":[{"href":"https:\/\/lr-partner.info\/harzgerode\/index.php\/wp-json\/wp\/v2\/types\/page"}],"author":[{"embeddable":true,"href":"https:\/\/lr-partner.info\/harzgerode\/index.php\/wp-json\/wp\/v2\/users\/1"}],"replies":[{"embeddable":true,"href":"https:\/\/lr-partner.info\/harzgerode\/index.php\/wp-json\/wp\/v2\/comments?post=15"}],"version-history":[{"count":20,"href":"https:\/\/lr-partner.info\/harzgerode\/index.php\/wp-json\/wp\/v2\/pages\/15\/revisions"}],"predecessor-version":[{"id":200,"href":"https:\/\/lr-partner.info\/harzgerode\/index.php\/wp-json\/wp\/v2\/pages\/15\/revisions\/200"}],"wp:attachment":[{"href":"https:\/\/lr-partner.info\/harzgerode\/index.php\/wp-json\/wp\/v2\/media?parent=15"}],"curies":[{"name":"wp","href":"https:\/\/api.w.org\/{rel}","templated":true}]}}